0
Calculate the remainder when 66 is divided by 28.
10
What is the remainder when 113 is divided by 34?
11
What is the remainder when 86 is divided by 52?
34
What is the remainder when 730 is divided by 262?
206
What is the remainder when 18559 is divided by 160?
159
What is the remainder when 1437 is divided by 20?
17
What is the remainder when 1676 is divided by 56?
52
What is the remainder when 47 is divided by 40?
7
Calculate the remainder when 15 is divided by 6.
3
Calculate the remainder when 6 is divided by 2.
0
Calculate the remainder when 90 is divided by 47.
43
What is the remainder when 355 is divided by 27?
4
Calculate the remainder when 1836 is divided by 571.
123
Calculate the remainder when 57 is divided by 48.
9
Calculate the remainder when 934 is divided by 808.
126
Calculate the remainder when 116 is divided by 18.
8
Calculate the remainder when 12299 is divided by 32.
11
Calculate the remainder when 181 is divided by 13.
12
What is the remainder when 38 is divided by 6?
2
Calculate the remainder when 2623 is divided by 105.
103
Calculate the remainder when 457 is divided by 16.
9
What is the remainder when 44 is divided by 7?
2
What is the remainder when 466 is divided by 69?
52
Calculate the remainder when 1802 is divided by 67.
60
Calculate the remainder when 2075 is divided by 173.
172
What is the remainder when 2480 is divided by 357?
338
What is the remainder when 871 is divided by 142?
19
Calculate the remainder when 277 is divided by 128.
21
Calculate the remainder when 158 is divided by 28.
18
Calculate the remainder when 8163 is divided by 115.
113
What is the remainder when 5383 is divided by 110?
103
What is the remainder when 2560 is divided by 509?
15
What is the remainder when 531 is divided by 28?
27
Calculate the remainder when 265 is divided by 38.
37
Calculate the remainder when 46 is divided by 23.
0
Calculate the remainder when 289 is divided by 49.
44
What is the remainder when 729 is divided by 139?
34
Calculate the remainder when 2056 is divided by 187.
186
Calculate the remainder when 69 is divided by 22.
3
What is the remainder when 619 is divided by 20?
19
What is the remainder when 4869 is divided by 168?
165
Calculate the remainder when 4354 is divided by 242.
240
Calculate the remainder when 266 is divided by 7.
0
Calculate the remainder when 14013 is divided by 13.
12
What is the remainder when 958 is divided by 46?
38
What is the remainder when 246 is divided by 50?
46
What is the remainder when 5717 is divided by 40?
37
What is the remainder when 525 is divided by 8?
5
What is the remainder when 195 is divided by 55?
30
What is the remainder when 1355 is divided by 47?
39
Calculate the remainder when 539 is divided by 117.
71
What is the remainder when 6523 is divided by 96?
91
Calculate the remainder when 453 is divided by 12.
9
What is the remainder when 3578 is divided by 115?
13
What is the remainder when 116 is divided by 60?
56
What is the remainder when 155 is divided by 13?
12
What is the remainder when 128 is divided by 39?
11
Calculate the remainder when 931 is divided by 36.
31
Calculate the remainder when 789 is divided by 8.
5
Calculate the remainder when 4156 is divided by 64.
60
Calculate the remainder when 1007 is divided by 42.
41
Calculate the remainder when 142 is divided by 30.
22
What is the remainder when 132 is divided by 58?
16
What is the remainder when 146 is divided by 22?
14
Calculate the remainder when 12558 is divided by 157.
155
Calculate the remainder when 974 is divided by 826.
148
What is the remainder when 307 is divided by 92?
31
Calculate the remainder when 149 is divided by 56.
37
Calculate the remainder when 1327 is divided by 179.
74
Calculate the remainder when 3553 is divided by 14.
11
What is the remainder when 167 is divided by 4?
3
What is the remainder when 910 is divided by 300?
10
Calculate the remainder when 10092 is divided by 99.
93
What is the remainder when 169 is divided by 22?
15
Calculate the remainder when 133 is divided by 74.
59
Calculate the remainder when 350 is divided by 44.
42
What is the remainder when 128 is divided by 20?
8
What is the remainder when 303 is divided by 51?
48
Calculate the remainder when 3301 is divided by 207.
196
What is the remainder when 176 is divided by 14?
8
What is the remainder when 859 is divided by 40?
19
What is the remainder when 163 is divided by 49?
16
What is the remainder when 213 is divided by 173?
40
What is the remainder when 48641 is divided by 201?
200
What is the remainder when 29260 is divided by 29?
28
Calculate the remainder when 158 is divided by 41.
35
What is the remainder when 169 is divided by 14?
1
Calculate the remainder when 72 is divided by 11.
6
Calculate the remainder when 759 is divided by 48.
39
Calculate the remainder when 236 is divided by 42.
26
Calculate the remainder when 284 is divided by 75.
59
What is the remainder when 130 is divided by 20?
10
Calculate the remainder when 54 is divided by 34.
20
Calculate the remainder when 500 is divided by 51.
41
Calculate the remainder when 74 is divided by 42.
32
Calculate the remainder when 4911 is divided by 117.
114
Calculate the remainder when 3211 is divided by 31.
18
What is the remainder when 3057 is divided by 17?
14
What is the remainder when 102 is divided by 43?
16
What is the remainder when 477 is divided by 15?
12
Calculate the remainder when 210 is divided by 154.
56
What is the remainder when 1560 is divided by 47?
9
What is the remainder when 326 is divided by 56?
46
What is the remainder when 81 is divided by 17?
13
Calculate the remainder when 689 is divided by 251.
187
Calculate the remainder when 9 is divided by 7.
2
What is the remainder when 1680 is divided by 153?
150
What is the remainder when 22 is divided by 5?
2
Calculate the remainder when 94 is divided by 27.
13
Calculate the remainder when 164 is divided by 18.
2
Calculate the remainder when 112 is divided by 61.
51
Calculate the remainder when 552 is divided by 15.
12
What is the remainder when 171 is divided by 6?
3
What is the remainder when 249 is divided by 50?
49
What is the remainder when 70 is divided by 57?
13
What is the remainder when 1676 is divided by 48?
44
What is the remainder when 394 is divided by 25?
19
Calculate the remainder when 6760 is divided by 147.
145
What is the remainder when 72 is divided by 26?
20
What is the remainder when 517 is divided by 74?
73
Calculate the remainder when 887 is divided by 283.
38
What is the remainder when 1755 is divided by 16?
11
Calculate the remainder when 1018 is divided by 93.
88
What is the remainder when 173 is divided by 30?
23
Calculate the remainder when 107 is divided by 8.
3
Calculate the remainder when 217 is divided by 20.
17
What is the remainder when 1055 is divided by 7?
5
Calculate the remainder when 57221 is divided by 289.
288
What is the remainder when 728 is divided by 19?
6
Calculate the remainder when 135 is divided by 48.
39
Calculate the remainder when 1401 is divided by 341.
37
What is the remainder when 218 is divided by 58?
44
What is the remainder when 1792 is divided by 11?
10
Calculate the remainder when 852 is divided by 121.
5
What is the remainder when 6951 is divided by 38?
35
What is the remainder when 361 is divided by 89?
5
Calculate the remainder when 440 is divided by 50.
40
What is the remainder when 456 is divided by 22?
16
What is the remainder when 546 is divided by 93?
81
Calculate the remainder when 89 is divided by 49.
40
What is the remainder when 14525 is divided by 32?
29
What is the remainder when 6422 is divided by 2140?
2
Calculate the remainder when 797 is divided by 215.
152
What is the remainder when 2663 is divided by 8?
7
What is the remainder when 59 is divided by 9?
5
Calculate the remainder when 1001 is divided by 199.
6
What is the remainder when 222 is divided by 19?
13
What is the remainder when 214 is divided by 12?
10
Calculate the remainder when 1889 is divided by 42.
41
Calculate the remainder when 129 is divided by 29.
13
What is the remainder when 2768 is divided by 53?
12
Calculate the remainder when 58 is divided by 22.
14
What is the remainder when 137 is divided by 124?
13
Calculate the remainder when 5211 is divide